
707
What is the highest common divisor of 3326352 and 688758?
3174
What is the greatest common factor of 1336 and 5789389?
167
What is the greatest common factor of 8124 and 265567467?
2031
What is the greatest common divisor of 60213244 and 4472?
2236
What is the highest common divisor of 157212168 and 1552?
776
What is the highest common factor of 304 and 47443976?
8
What is the greatest common divisor of 1033253 and 104?
13
What is the greatest common divisor of 219096 and 5984?
136
What is the greatest common factor of 1956 and 2072940?
12
What is the greatest common factor of 16000356 and 1140?
228
Calculate the greatest common factor of 256829190 and 21915.
7305
What is the greatest common divisor of 942 and 368418?
6
What is the highest common factor of 13154316 and 913668?
12516
What is the greatest common divisor of 24980650 and 1700?
850
Calculate the highest common divisor of 3117600 and 62785.
2165
What is the greatest common divisor of 76 and 2202212?
4
What is the highest common divisor of 446368 and 1334?
58
Calculate the greatest common divisor of 381348 and 208650.
642
Calculate the greatest common divisor of 25576162 and 14176.
886
Calculate the highest common factor of 19789 and 67683.
77
Calculate the highest common divisor of 1690 and 476296080.
1690
Calculate the highest common factor of 1904 and 1216112.
272
What is the highest common divisor of 71460115 and 310?
155
Calculate the highest common factor of 1670403 and 42.
21
What is the greatest common divisor of 179143394 and 4020?
134
Calculate the highest common factor of 6552888 and 5712.
408
Calculate the highest common factor of 176377 and 1444.
19
What is the highest common divisor of 5022 and 17616122?
62
Calculate the highest common factor of 3626 and 2624034.
14
Calculate the greatest common factor of 8 and 16848716.
4
What is the highest common factor of 197833488 and 51?
51
Calculate the highest common divisor of 8243929 and 38.
19
Calculate the highest common divisor of 112 and 38709706.
14
Calculate the greatest common divisor of 2356603 and 46.
23
What is the highest common divisor of 21343832 and 24?
8
What is the greatest common factor of 1552200 and 51220?
260
What is the highest common factor of 141 and 114413181?
141
What is the greatest common factor of 12939 and 148295922?
681
What is the highest common factor of 2110 and 151310210?
2110
Calculate the highest common factor of 58 and 297248028.
58
Calculate the greatest common factor of 327680 and 2364160.
1280
Calculate the highest common divisor of 18250512 and 11328.
48
Calculate the greatest common divisor of 140 and 198708580.
140
Calculate the highest common factor of 424772 and 20188.
412
Calculate the highest common factor of 4854118 and 6.
2
What is the highest common divisor of 11 and 35969527?
11
Calculate the highest common factor of 133802 and 123026.
898
Calculate the highest common factor of 187 and 1254363.
11
Calculate the highest common divisor of 20970519 and 1281.
183
What is the greatest common divisor of 384846 and 343?
343
What is the highest common factor of 177578702 and 1428?
238
Calculate the highest common divisor of 55154 and 360088.
46
What is the highest common divisor of 717618 and 996?
498
What is the greatest common divisor of 5846 and 395474?
158
What is the greatest common divisor of 243036 and 131580?
1548
Calculate the greatest common divisor of 446747200 and 2400.
800
What is the greatest common divisor of 6690302 and 12518?
1138
Calculate the highest common factor of 1310296910 and 9620.
4810
Calculate the greatest common factor of 212089 and 3741753.
131
Calculate the greatest common divisor of 1156364 and 93316.
164
What is the greatest common divisor of 46554218 and 38?
38
What is the highest common factor of 59658 and 228200?
326
What is the highest common factor of 11395 and 6065850?
265
What is the greatest common divisor of 8184407 and 77?
77
What is the highest common divisor of 109616 and 7544532?
2108
What is the greatest common divisor of 10703602 and 506?
46
What is the highest common divisor of 39418723 and 16471?
181
What is the greatest common divisor of 1269 and 341553888?
1269
Calculate the highest common factor of 47641590 and 1476.
738
Calculate the greatest common divisor of 14172580 and 60.
20
What is the highest common factor of 1958476 and 2028?
52
Calculate the highest common divisor of 74595864 and 54264.
2856
What is the greatest common factor of 10255 and 10353155?
1465
Calculate the highest common divisor of 2705169 and 45975.
1839
Calculate the highest common divisor of 1220 and 10119290.
610
What is the greatest common divisor of 154143 and 5379?
33
Calculate the greatest common factor of 121568 and 1330960.
2096
Calculate the highest common divisor of 728 and 11370086.
182
What is the highest common factor of 1572264 and 86846?
502
What is the highest common factor of 5690 and 718584410?
5690
Calculate the highest common divisor of 58760 and 35030.
1130
Calculate the highest common factor of 3336893 and 194999.
2191
Calculate the highest common divisor of 26 and 66085565.
13
What is the highest common factor of 12 and 641981058?
6
Calculate the greatest common factor of 46566 and 37858.
2
What is the greatest common divisor of 480 and 6355340?
20
Calculate the highest common divisor of 7680344 and 235405.
2047
What is the highest common divisor of 951230 and 8?
2
Calculate the highest common factor of 24195 and 16015.
5
What is the highest common factor of 369 and 299651739?
123
What is the highest common factor of 13080 and 3530510?
1090
What is the greatest common divisor of 1235 and 18600335?
1235
What is the greatest common divisor of 81 and 19758411?
81
Calculate the highest common factor of 35844 and 453.
3
Calculate the highest common divisor of 14 and 9770698.
14
What is the greatest common factor of 338425670 and 88?
22
What is the greatest common factor of 10 and 1715482?
2
Calculate the highest common factor of 1086922825 and 1075.
1075
Calculate the greatest common divisor of 30259747 and 259.
259
What is the greatest common factor of 108 and 3708160?
4
What is the greatest common divisor of 12 and 9502854?
6
Calculate the greatest common divisor of 32 and 108354.
2
Calculate the highest common factor of 195749 and 14396.
61
What is the greatest common divisor of 2022059 and 4251?
1417
Calculate the highest common divisor of 1595940 and 18.
6
Calculate the greatest common factor of 528 and 4715232.
48
Calculate the greatest common divisor of 2118 and 105134343.
1059
What is the highest common factor of 24250891 and 119?
119
What is the highest common factor of 1490 and 701492?
298
What is the greatest common factor of 3613895 and 1687865?
10355
Calculate the highest common factor of 15 and 11429685.
15
What is the highest common factor of 258 and 188728548?
258
Calculate the highest common factor of 715 and 60361015.
715
What is the highest common factor of 8680 and 28777176?
248
What is the greatest common divisor of 458461 and 29?
29
What is the highest common divisor of 95 and 1738861?
19
What is the greatest common divisor of 145 and 846203470?
145
What is the highest common factor of 305077 and 423235?
47
What is the highest common divisor of 12312882 and 22294?
314
Calculate the greatest common factor of 6090377 and 58.
29
What is the greatest common factor of 6720623 and 169?
169
What is the highest common factor of 86386020 and 168?
84
What is the greatest common divisor of 937856 and 312044?
1724
Calculate the highest common divisor of 6835 and 7537.
1
What is the greatest common divisor of 2849538 and 24?
6
Calculate the highest common factor of 2628898 and 1034.
94
What is the highest common divisor of 61 and 86523803?
61
What is the greatest common factor of 163710460 and 3698?
3698
What is the highest common factor of 960 and 5876160?
960
Calculate the greatest common divisor of 156 and 1188517629.
39
What is the greatest common factor of 283836652 and 220?
44
Calculate the highest common factor of 65798 and 197000.
394
Calculate the greatest common factor of 38181391 and 131.
131
Calculate the highest common divisor of 1550 and 1454725.
25
Calculate the highest common divisor of 4477446 and 2214.
738